 the highest common factor of v and n.
8
Let b be 10/3*432/15. Let j = -55 - -79. Calculate the highest common divisor of b and j.
24
Let t(c) = -38*c + 1. Let l be t(-4). Calculate the highest common factor of l and 17.
17
Let s(z) = 3*z**2 - 5*z - 1. Let b be s(2). Calculate the highest common factor of b and 13.
1
Suppose -13*v = -b - 14*v + 30, -3*b + 4*v + 83 = 0. What is the highest common divisor of b and 203?
29
Suppose 0 = -n + 3, -7*n + 3*n = z - 17. Suppose z = -d + 45. What is the highest common factor of d and 10?
10
Suppose -5*b + 230 = 5*c, -5*b + 200 = -5*c - 50. What is the highest common factor of b and 120?
24
Let h(a) = -a**2 - 10*a - 8. Let u be h(-8). Let n = 8 + 16. What is the greatest common factor of u and n?
8
Let y(v) = -v + 7. Let b be y(-8). Let i = -22 + 60. Let r = 98 - i. Calculate the greatest common divisor of r and b.
15
Suppose -5*g = -k - 9, 3*k = 6*k - 2*g - 12. Suppose 18*y - 6*y - 144 = 0. Calculate the highest common factor of k and y.
6
Let j = -10 + 12. Let x(p) = -3*p**3 - 2*p**2 - 2. Let b be x(-2). What is the greatest common divisor of j and b?
2
Let h be (2 - -22) + 2 + 1. What is the highest common factor of h and 18?
9
Let p(z) = 2*z + 12. Let w be p(9). Suppose -3*v + 60 = 2*v. Calculate the highest common factor of v and w.
6
Let z = 29 - 18. What is the greatest common divisor of z and 55?
11
Let u(p) = p**2 + 3*p - 2. Let h be u(-4). Calculate the highest common divisor of h and 1.
1
Let p = -74 - -94. Suppose 2*b = 3*b + 2*q - 2, -3*b + 4*q - 4 = 0. Suppose -3*g + 4*g - 8 = b. What is the highest common divisor of p and g?
4
Let b(l) = -2*l - 15. Let r be b(-8). Suppose -2*d = -3*d + r. Calculate the greatest common factor of 5 and d.
1
Let i be (-2 - (-1 + -4))*1. Suppose -4*r = -i*r - 128. Calculate the greatest common factor of r and 16.
16
Let v = -44 - -64. Suppose w - v = -w. Calculate the greatest common divisor of 2 and w.
2
Suppose 40 = 4*g + g. Let a = g - 5. Suppose a*d = 4*d - 9. Calculate the highest common divisor of 6 and d.
3
Let v = -11 + 13. Calculate the highest common factor of 38 and v.
2
Suppose 0*v + h = -2*v + 6, 5*h - 20 = -5*v. Suppose 6*c = v*c - 16, -2*z + 4*c = -36. Suppose -3*y + 197 = -13. Calculate the highest common factor of y and z.
10
Let h(u) = 3*u - 73. Let x be h(28). Calculate the highest common factor of 11 and x.
11
Suppose k + 20 = 5*g - 2*k, 0 = -k. Let u(w) = 5*w - 8. Let v be u(g). Calculate the highest common factor of v and 24.
12
Let y(w) = 183*w + 1. Let p be y(1). Let d = 60 + -37. Calculate the greatest common factor of p and d.
23
Suppose 0 = o + 2*o. Let v(k) = 1 + o*k - k**2 + k - 3*k. Let t be v(-2). Calculate the greatest common factor of 1 and t.
1
Let g = -34 - -56. What is the highest common divisor of 2 and g?
2
Let b be (3/2)/(3/16). Let d = 38 - 108. Let q = d - -134. Calculate the highest common divisor of b and q.
8
Let r(n) = n**2 - 9*n + 16. Let d be r(9). Calculate the highest common factor of 176 and d.
16
Suppose 12*x + 59 - 179 = 0. What is the highest common factor of 5 and x?
5
Suppose 63 = 2*s - 85. Let p = s + -41. Calculate the highest common divisor of 11 and p.
11
Let l(n) = -2*n + 1. Suppose 3*f - 1 = -2*o, -5*o + 5*f + 2 = 62. Let u be l(o). What is the greatest common factor of u and 120?
15
Suppose -6*j + 15 = -j. Suppose -12 = -j*t, 2*t + t = 5*v - 8. Suppose -3*s - 71 = -2*a, -a + v*s + 28 = -0*s. What is the highest common factor of a and 10?
10
Suppose -5*i + 4*q + 40 = 0, 0 = -i - i + 2*q + 16. Suppose 4*d = -98 + 30. Let n = d - -33. What is the greatest common factor of i and n?
8
Suppose 0 = -3*n - 2 + 20. What is the highest common divisor of n and 2?
2
Let g = -6 - -6. Suppose g = 5*o - 25. Suppose y - o*y = -20. What is the highest common factor of y and 20?
5
Let l be 66*-5*(-4)/10. Suppose -m - 4*m = 0. Suppose 2*c + m = 24. Calculate the highest common factor of c and l.
12
Let j be 42/4 + 2/4. Suppose 227 + j = 2*y. Calculate the highest common divisor of 17 and y.
17
Suppose -3*t + 9 = b, 4*t - 3*b + 0*b = -1. Calculate the greatest common divisor of 6 and t.
2
Let i(u) = -u**3 + 4*u**2 + 5*u + 6. Let w be i(5). Suppose -36 = -5*q - w. What is the greatest common factor of 24 and q?
6
Let p = -10 + 7. Let c = p - 2. Let q = c + 10. Calculate the highest common divisor of q and 35.
5
Suppose 0 = 2*x - 3*x - 5*w + 14, 4*x - 3*w - 10 = 0. Let u(d) = -d**3 + 6*d**2 + d - 4. Let r be u(6). Calculate the highest common divisor of x and r.
2
Suppose 21*m - 139 = 71. Suppose 4*l + 36 = 196. What is the greatest common divisor of m and l?
10
Suppose s + 1 = -2*k - k, 4*s + 18 = 2*k. Let o be (3 - k)/((-4)/(-30)). Calculate the highest common divisor of 60 and o.
15
Let n = -1 + -1. Let d be 8/(n/2 + 3). Let l(o) = -o + 8. Let x be l(6). Calculate the highest common factor of d and x.
2
Suppose 0 = -r - r + 8. Let b = -3 + r. What is the greatest common divisor of 2 and b?
1
Let a(j) = -j**3 - 6*j**2 - 8*j + 1. Let b be a(-7). Let m = b - 66. Calculate the highest common divisor of 60 and m.
20
Let s(u) = 4*u**2 - 1. Suppose 4*h - 32 = -f, -4*f + 72 = 5*h - 1. Let n = f - 8. Let g be s(n). What is the highest common divisor of g and 7?
7
Suppose i - 2*i = 0. Suppose 2*k = -i*k + 28. Suppose -6 = 4*r + 2*l - 64, l - 1 = 0. What is the greatest common divisor of k and r?
14
Let b be 40/((-14)/6 - -3). Suppose -o + b = o. Suppose -2*i - 3*d + 42 = 14, 4*d = -2*i + o. What is the greatest common factor of i and 44?
11
Let z(o) = -o**3 + 2*o**2 + 6*o - 3. Let s be (-38)/(-9) - (-2)/(-9). Let t be z(s). Let l = -8 - t. Calculate the highest common divisor of l and 3.
3
Suppose k - 16 = -2*y + 2*k, -4*y + 56 = 4*k. Let h be y/(-3)*30/(-25). Suppose -4*m + 12 = -4. What is the greatest common factor of m and h?
4
Suppose 7*s + 0 = 21. What is the highest common divisor of 12 and s?
3
Suppose h - 19 = 17. Let c be 171/h - (-6)/(-8). What is the greatest common divisor of 36 and c?
4
Let f(s) = -2*s + 2. Let d be f(-2). Let r = -81 + 105. What is the greatest common divisor of r and d?
6
Suppose b + 4*a = -0*b + 104, 3*b - 291 = -5*a. Let i = 69 - 46. Calculate the greatest common divisor of i and b.
23
Suppose -2*s = 5*y - 458, -y = 4*y - 3*s - 438. Calculate the highest common divisor of 36 and y.
18
Let p(u) = u**3 + 8*u**2 - 4*u - 9. Let m be p(-7). Let z = 113 - m. Let k be -2 + 3 + (2 - -12). What is the greatest common divisor of z and k?
15
Let u be -1 + 9 + (-19 - -19). What is the greatest common divisor of 88 and u?
8
Suppose s = 2*a + 16, 4*s + 3*a = 5*a + 64. Calculate the highest common divisor of 20 and s.
4
Suppose -8 = -0*i + 4*i. Let u be i/11 + (-2155)/(-55). Calculate the highest common divisor of u and 26.
13
Let w be 2 + -1 + 0 + -1. Suppose 3*v - 5 - 10 = w. What is the highest common factor of v and 20?
5
Let r = 5 + -2. Suppose 0 = 4*g + 20, -5*f + 31 = -f - r*g. Let j(o) = 2*o + 12. Let a be j(0). Calculate the greatest common divisor of f and a.
4
Let n(v) = 4*v + 5. Let u be n(4). Suppose -y + 8 = -3*q + 25, 5*q - 39 = -y. Calculate the greatest common factor of u and q.
7
Let z be (-1 - (-7 - -2))*-1. Let b(u) = u**2 - u - 1. Let r be b(z). Let k = -142 + 218. Calculate the greatest common factor of k and r.
19
Let r be 1 + 1/((-4)/(-36)). What is the greatest common factor of r and 90?
10
Let m = 74 + -65. What is the highest common factor of 9 and m?
9
Let x = 11 + -7. Suppose r = x*r - 210. What is the greatest common divisor of 14 and r?
14
Let o be (-58)/(-15) + (-14)/(-105). Suppose 5*n - 291 = -o*u + 23, 2*u = -4*n + 256. What is the highest common divisor of 6 and n?
6
Suppose 0 = 4*k - 7*k - 12. Let r be (k/(-6))/(4/24). Suppose 270 = -v + r*v. Calculate the highest common divisor of v and 36.
18
Let s = 151 - 32. Calculate the greatest common divisor of 7 and s.
7
Let o(i) = i + 12. Let j be o(-5). Let v(g) = -g**3 + 6*g**2 + 8*g + 3. Let a be v(j). Suppose 2*n - 550 = -3*n. What is the highest common divisor of n and a?
10
Let t be (-228)/(-14) - 2/7. Let i = -16 - -12. Let f be -1*(64*7)/i. What is the greatest common divisor of t and f?
16
Suppose -3 = -2*t - t, -3*t = -4*d + 181. Let u(x) = 22*x**2 + x. Let f be u(1). What is the highest common factor of f and d?
2